-27*h + 23*h - 686 = -2*z, 2*z - 2*h = 696. What is the tens digit of z?
5
Suppose -76*k + 79885 + 76447 = 0. What is the units digit of k?
7
Suppose 9*r - 1896 = 6*r. What is the tens digit of r?
3
Suppose 5*f = -3*j + 2348, -4*f + 1879 = -j + 4*j. Suppose 1224 - f = 5*r. What is the hundreds digit of r?
1
Let o(f) = -f**3 - 7*f**2 - 8*f - 3. Let d(j) = -7*j + 8. Let x be d(2). What is the units digit of o(x)?
9
Let t be ((-8)/(-6))/(4 + (-2076)/522). Let y = -46 + t. What is the tens digit of y?
1
Suppose 4*h = 3*d + 2044, -29*h + 32*h + 3*d - 1533 = 0. What is the units digit of h?
1
Let j(w) = -w + 16. Suppose 14*s = 9*s - 55. What is the units digit of j(s)?
7
Let u be (-3)/12 + (-42)/(-8). Suppose -p = 2*w - 79, w + u*p - 37 = 2*p. Suppose -o = o - w. What is the units digit of o?
0
Let u = 44 + 286. What is the units digit of u?
0
What is the tens digit of (-6)/2*42190/(-30)?
1
Let b = 68 - 45. Suppose -2*h + 48 = -4*m, 100 - b = 3*h - m. What is the units digit of h?
6
Suppose 0 = 66*f - 1593 - 9033. What is the units digit of f?
1
What is the hundreds digit of 381*(2/15 + 28/15)?
7
Let y(d) = 10*d. Let u be y(1). Suppose 0 = -3*x - 4*r - u, x - 4*r - 22 = r. Suppose k - 138 = -x*k. What is the units digit of k?
6
Let t be ((-140)/15)/(3/9). Let o be 3/2 + (-14)/t. Suppose o*z = 6*z - 44. What is the tens digit of z?
1
Suppose 2*c = 2*y - 0*c - 28, 3*c - 66 = -3*y. Suppose 2*d = -10, -t - 2*d = -5*t + y. Suppose -t*v = 2*v - 120. What is the units digit of v?
0
Let g be ((-1)/(-4))/((-3)/(-3156)). Suppose -g = -4*x - 3*t, -x = -5*x + 4*t + 284. Suppose 0 = -5*c + 20, 0*f = f + 5*c - x. What is the tens digit of f?
4
Let i(u) = 0*u + 4*u - u + 12. Let o(g) = -g**3 - 10*g**2 - 2*g - 8. Let y be o(-10). What is the units digit of i(y)?
8
Let i(t) = 87*t - 12. Let m be i(3). Suppose g = -3*c + m, 3*c + 998 + 319 = 5*g. What is the tens digit of g?
6
Suppose -9*i = 2*i - 33. Suppose -i*y + 0*y - r + 130 = 0, -5*y - 4*r = -219. What is the units digit of y?
3
Suppose m = 3 + 9. Let g = 36 - m. Suppose -4*q = 3*v - 18, -5*v + g = -v - 5*q. What is the units digit of v?
6
Let f be 18/36*(-16)/(-2). Suppose -217 = -3*h + 5*q, 7*q - f*q = -15. What is the units digit of h?
4
Suppose -2*n - 2 = -3*f + 12, 0 = 3*f - 3*n - 15. Suppose b + b = -f*w + 490, 0 = w - 3*b - 119. What is the tens digit of w?
2
Let t(f) = -2 + 15*f**2 + f - 2*f - 10*f**2. What is the units digit of t(2)?
6
Suppose 0 = 3*j + 5*a - 1810, 11*a + 1806 = 3*j + 14*a. What is the hundreds digit of j?
6
Let o = 28 + -25. Suppose 5*p + 4*i - i = 41, -5*p + o*i = -59. Suppose -5*k + p*k = 395. What is the units digit of k?
9
Suppose 5*t + 6*v - 10594 = 4*v, -5*t + 3*v = -10609. What is the hundreds digit of t?
1
Let c be (10/(-3))/(3/(-171)). Suppose 0*m - c = -3*m - f, 2*f = -4. What is the units digit of m?
4
Let m = -104 + 511. What is the hundreds digit of m?
4
Suppose 13*j - 11*j = 3*o - 1088, -1811 = -5*o + j. What is the tens digit of o?
6
Let z be ((-4)/(-10))/((-1)/(-30)). Suppose 32 + z = a. Suppose -2*l = -3*o + 8*o - 110, 2*o - a = -l. What is the units digit of o?
2
Suppose 27 = -2*u + 33. Suppose 2*j + 5*y = y + 70, 39 = j + u*y. What is the tens digit of j?
2
Let s(y) = y + 12. Let w be s(-7). Suppose -4*a = w + 15, a = -4*q + 43. Suppose -q = -3*n, -4*n + 1 = 5*x - 65. What is the tens digit of x?
1
Let u = 2748 + 447. What is the tens digit of u?
9
Suppose k = -4*k + 10. Let x(r) be the first derivative of 10*r**2 + 2*r - 110. What is the tens digit of x(k)?
4
Let p = -8 - -19. Let q be 6/2 - (11 - p). Suppose n = -q*n + 220. What is the tens digit of n?
5
Let f(a) = 13*a + 62. What is the hundreds digit of f(9)?
1
Let v be 4/18 + (-204)/(-54). Suppose -3*i - 186 = -3*t, -5*t - v*i + 137 = -146. What is the units digit of t?
9
Suppose -2*g + 4*c = g - 1990, -4*g + 5*c + 2653 = 0. What is the units digit of g?
2
Let k(w) = -113*w - 545. What is the hundreds digit of k(-17)?
3
Suppose -28 - 44 = 6*n. What is the tens digit of 120*1 + (-9 - n)?
2
Let g(i) = 77*i + 223. What is the units digit of g(24)?
1
Let z(y) = 8*y**2 - 5*y + 2. Let f(u) = -39*u**2 + 26*u - 10. Let h(j) = 2*f(j) + 11*z(j). What is the units digit of h(-2)?
8
Let d(k) = k**2 - 1. Let h = -31 - -25. Let o(q) = -q**3 + 15*q**2 - 2*q - 2. Let a(j) = h*d(j) + o(j). What is the tens digit of a(8)?
5
Let o be (5 + 51/(-12))/(2/8). Suppose 5*v + 195 = 3*l, 2*l = l + o*v + 61. What is the units digit of l?
0
Suppose 4*m - 2*l - 2934 = 0, -2*m + 1473 = 19*l - 18*l. What is the tens digit of m?
3
Suppose -39*m - 50*m + 284800 = 0. What is the thousands digit of m?
3
Let z(q) = 2*q**2 + 9*q + 9. Suppose -m - 26 = 5*v, 5*m = 7*v - 4*v + 38. What is the tens digit of z(v)?
2
Let w = -88 + 252. What is the tens digit of w?
6
Let l = 4037 - 1300. What is the units digit of l?
7
Let a = 35 - 35. Suppose a*b + 4*b - 232 = 0. What is the tens digit of b?
5
Suppose 0 = -11*d + 34*d - 124361. What is the thousands digit of d?
5
What is the units digit of (-138018)/(-102) + (-24)/204?
3
Let s be 1*((-22)/(-2) + 1). Suppose 5*o = 5*n + 20, -4*o = n - 4*n - s. Suppose -4 + 2 = t, -p + t + 27 = o. What is the units digit of p?
5
Let t be (-5180)/(-15) - (-1)/(-3). Suppose -86 = 7*n - t. What is the units digit of n?
7
Let t be (50/15)/((-4)/6). Let j(o) = o + 5. Let w be j(t). Suppose 5 = 5*a - w. What is the units digit of a?
1
Let x = -14 - -154. What is the units digit of x?
0
Let q = -336 - -558. What is the tens digit of q?
2
Suppose -g + s - 2 = 1, -3*g - 4*s + 19 = 0. Let o be (12/(-24))/(g/(-14)). Suppose 8*m = o*m + 43. What is the units digit of m?
3
Suppose -11 = -7*b + 24. Suppose u - 522 = -b*u. What is the units digit of u?
7
Suppose 2 = 5*t - 8. Suppose -t*q + 280 = 78. What is the hundreds digit of q?
1
Let a = 1555 - 1103. What is the tens digit of a?
5
Let m = 3790 + -1219. What is the units digit of m?
1
Suppose -3*s - 51 = -156. Suppose -s = -c + 4*a, 5*c + 6*a - a - 200 = 0. What is the units digit of c?
9
Let n = 4 + 0. Let d(s) = s + 0*s - 2 - n*s - 4*s. What is the units digit of d(-6)?
0
Let r = 27 - 17. Suppose -21 = -0*b - 3*b. Suppose b*p + 72 = r*p. What is the units digit of p?
4
Let j = -4 + -2. Let t be -3*(-2 + 32/j). Let s = t + -20. What is the units digit of s?
2
Let t(k) = 106*k - 40. What is the hundreds digit of t(3)?
2
What is the units digit of (9232/(-32))/(4/24*-1)?
1
Let g be -1*10*55/(-22). Let n = g + 20. Suppose l + n = 6*l. What is the units digit of l?
9
Let a(b) = b**3 + 7*b**2 + 2*b - 2. Let d be 2/4*132/(-11). Let u be a(d). Suppose 5*k - u = 4*k. What is the tens digit of k?
2
Suppose 5*b - 22 = -12. Suppose 1260 = b*w + 7*w. What is the tens digit of w?
4
Let u(m) = -21*m**3 - 6*m. Let z be u(-3). Suppose -7*s = -12*s + z. What is the hundreds digit of s?
1
Suppose 0 = 5*p, -2*i - 2*p + 4*p = -4. Suppose 0*d - i = -d. What is the tens digit of (10/(-30))/(d/(-162))?
2
Suppose -32*f + 25*f + 10332 = 0. What is the hundreds digit of f?
4
Let v be ((-8)/(-3))/(36/54). Let c(f) = 7*f + 7. What is the units digit of c(v)?
5
Suppose -4*k - 463 = -3*d + 2359, -4*d + 3744 = 4*k. What is the units digit of d?
8
Let l(x) be the first derivative of x**4/4 + 5*x**3/3 + 5*x**2/2 + 2*x - 6. Let y be l(-3). What is the units digit of (5/3)/(y/60)?
0
Suppose 0 = b - 4*u - 15, b - 2*u - u - 12 = 0. What is the units digit of 388/8*(-1 + b)?
7
Let s be 0/(-1)*18/(-36). Suppose s = 25*i - 22*i - 27. What is the units digit of i?
9
Let v(p) = 15*p - 1. Let l(g) = 7*g - 1. Let j(c) = 13*l(c) - 6*v(c). Let h be j(-9). What is the units digit of (84/h)/(9/(-48))?
8
Suppose -2*l + v = -0*l - 14, -v = 0. Let r = -15 + l. What is the tens digit of (r/(-6))/(4/114)?
3
Suppose -109 = 8*u + 147. What is the tens digit of 116 - (-3)/(-1)*u/(-48)?
1
Let v(f) be the first derivative of -f**3/3 + 10*f**2 + 2. Let i be v(19). Let c = i + 7. What is the tens digit of c?
2
Let k = 114 + -107. Suppose k*h - 3*h = 480. What is the hundreds digit of h?
1
Suppose 40 = 5*a - 180. Let b be 3 - (1 - 3 - -9). What is the tens digit of (-1 - b)*a/6?
2
Suppose -6 = -3*x + 24. Suppose -5*q + x*q - 105 = 0. What is the tens digit of q?
2
Suppose -36*z = -30*z - 4998. What is the hundreds digit of z?
8
Let q(f) =